{"id":3828,"date":"2018-12-17T22:20:42","date_gmt":"2018-12-17T21:20:42","guid":{"rendered":"http:\/\/www.odysseemotion.com\/web\/?page_id=3828"},"modified":"2025-05-13T16:08:11","modified_gmt":"2025-05-13T15:08:11","slug":"congres-ie-2019","status":"publish","type":"page","link":"https:\/\/www.odysseemotion.com\/web\/congres-ie-2019\/","title":{"rendered":"Congr\u00e8s IE  2019"},"content":{"rendered":"<div id=\"1941953232\" class=\"u_1941953232 dmRespRow wow fadeIn animated\" data-anim-desktop=\"fadeIn\">\n<div id=\"1807919089\" class=\"dmRespColsWrapper\">\n<div id=\"1269161925\" class=\"dmRespCol small-12 medium-12 large-12\">\n<h1 data-inject=\"home-At4row4Title\" data-uialign=\"center\" data-element-type=\"paragraph\"><\/h1>\n<div style=\"text-align: center;\">\n<h1 data-start=\"585\" data-end=\"630\"><span class=\"_fadeIn_m1hgl_8\">2\u1d49 <\/span><span class=\"_fadeIn_m1hgl_8\">Congr\u00e8s <\/span><span class=\"_fadeIn_m1hgl_8\">de <\/span><span class=\"_fadeIn_m1hgl_8\">l\u2019Intelligence <\/span><span class=\"_fadeIn_m1hgl_8\">\u00c9motionnelle<\/span><\/h1>\n<p data-start=\"631\" data-end=\"662\"><strong data-start=\"631\" data-end=\"662\"><span class=\"_fadeIn_m1hgl_8\">Samedi 15 <\/span><span class=\"_fadeIn_m1hgl_8\">juin 2019 \u2013 <\/span><span class=\"_fadeIn_m1hgl_8\">Paris<\/span><\/strong><\/p>\n<hr data-start=\"664\" data-end=\"667\" \/>\n<h2 data-start=\"669\" data-end=\"693\"><span class=\"_fadeIn_m1hgl_8\">Pourquoi <\/span><span class=\"_fadeIn_m1hgl_8\">ce <\/span><span class=\"_fadeIn_m1hgl_8\">congr\u00e8s ?<\/span><\/h2>\n<p data-start=\"695\" data-end=\"875\"><span class=\"_fadeIn_m1hgl_8\">Aujourd\u2019hui, <\/span><span class=\"_fadeIn_m1hgl_8\">les <\/span><span class=\"_fadeIn_m1hgl_8\">\u00e9motions <\/span><span class=\"_fadeIn_m1hgl_8\">sont <\/span><span class=\"_fadeIn_m1hgl_8\">au <\/span><span class=\"_fadeIn_m1hgl_8\">centre <\/span><span class=\"_fadeIn_m1hgl_8\">de <\/span><span class=\"_fadeIn_m1hgl_8\">nos <\/span><span class=\"_fadeIn_m1hgl_8\">vies, <\/span><span class=\"_fadeIn_m1hgl_8\">de <\/span><span class=\"_fadeIn_m1hgl_8\">nos <\/span><span class=\"_fadeIn_m1hgl_8\">relations, <\/span><span class=\"_fadeIn_m1hgl_8\">de <\/span><span class=\"_fadeIn_m1hgl_8\">nos <\/span><span class=\"_fadeIn_m1hgl_8\">d\u00e9fis.<\/span><br data-start=\"780\" data-end=\"783\" \/><span class=\"_fadeIn_m1hgl_8\">Elles <\/span><span class=\"_fadeIn_m1hgl_8\">nous <\/span><span class=\"_fadeIn_m1hgl_8\">traversent, <\/span><span class=\"_fadeIn_m1hgl_8\">parfois <\/span><span class=\"_fadeIn_m1hgl_8\">nous <\/span><span class=\"_fadeIn_m1hgl_8\">d\u00e9bordent, <\/span><span class=\"_fadeIn_m1hgl_8\">souvent <\/span><span class=\"_fadeIn_m1hgl_8\">nous <\/span><span class=\"_fadeIn_m1hgl_8\">appellent <\/span><span class=\"_fadeIn_m1hgl_8\">\u00e0 <\/span><span class=\"_fadeIn_m1hgl_8\">plus <\/span><span class=\"_fadeIn_m1hgl_8\">grand <\/span><span class=\"_fadeIn_m1hgl_8\">que <\/span><span class=\"_fadeIn_m1hgl_8\">nous.<\/span><\/p>\n<p data-start=\"877\" data-end=\"1035\"><span class=\"_fadeIn_m1hgl_8\">Face <\/span><span class=\"_fadeIn_m1hgl_8\">\u00e0 <\/span><span class=\"_fadeIn_m1hgl_8\">un <\/span><span class=\"_fadeIn_m1hgl_8\">monde <\/span><span class=\"_fadeIn_m1hgl_8\">qui <\/span><span class=\"_fadeIn_m1hgl_8\">acc\u00e9l\u00e8re,<\/span><br data-start=\"906\" data-end=\"909\" \/><span class=\"_fadeIn_m1hgl_8\">nous <\/span><span class=\"_fadeIn_m1hgl_8\">tentons <\/span><span class=\"_fadeIn_m1hgl_8\">encore <\/span><span class=\"_fadeIn_m1hgl_8\">souvent <\/span><span class=\"_fadeIn_m1hgl_8\">de <\/span><span class=\"_fadeIn_m1hgl_8\">tout <\/span><strong data-start=\"945\" data-end=\"958\"><span class=\"_fadeIn_m1hgl_8\">contr\u00f4ler<\/span><\/strong><span class=\"_fadeIn_m1hgl_8\"> : <\/span><span class=\"_fadeIn_m1hgl_8\">notre <\/span><span class=\"_fadeIn_m1hgl_8\">temps, <\/span><span class=\"_fadeIn_m1hgl_8\">nos <\/span><span class=\"_fadeIn_m1hgl_8\">pens\u00e9es, <\/span><span class=\"_fadeIn_m1hgl_8\">nos <\/span><span class=\"_fadeIn_m1hgl_8\">r\u00e9sultats.<\/span><br data-start=\"1001\" data-end=\"1004\" \/><span class=\"_fadeIn_m1hgl_8\">Mais <\/span><span class=\"_fadeIn_m1hgl_8\">le <\/span><span class=\"_fadeIn_m1hgl_8\">contr\u00f4le <\/span><span class=\"_fadeIn_m1hgl_8\">a <\/span><span class=\"_fadeIn_m1hgl_8\">ses <\/span><span class=\"_fadeIn_m1hgl_8\">limites.<\/span><\/p>\n<p data-start=\"1037\" data-end=\"1072\"><span class=\"_fadeIn_m1hgl_8\">Notre <\/span><span class=\"_fadeIn_m1hgl_8\">intelligence <\/span><span class=\"_fadeIn_m1hgl_8\">est <\/span><span class=\"_fadeIn_m1hgl_8\">multiple :<\/span><\/p>\n<ul data-start=\"1073\" data-end=\"1134\">\n<li data-start=\"1073\" data-end=\"1087\">\n<p data-start=\"1075\" data-end=\"1087\"><span class=\"_fadeIn_m1hgl_8\">cognitive,<\/span><\/p>\n<\/li>\n<li data-start=\"1088\" data-end=\"1105\">\n<p data-start=\"1090\" data-end=\"1105\"><span class=\"_fadeIn_m1hgl_8\">\u00e9motionnelle,<\/span><\/p>\n<\/li>\n<li data-start=\"1106\" data-end=\"1121\">\n<p data-start=\"1108\" data-end=\"1121\"><span class=\"_fadeIn_m1hgl_8\">corporelle,<\/span><\/p>\n<\/li>\n<li data-start=\"1122\" data-end=\"1134\">\n<p data-start=\"1124\" data-end=\"1134\"><span class=\"_fadeIn_m1hgl_8\">intuitive.<\/span><\/p>\n<\/li>\n<\/ul>\n<p data-start=\"1136\" data-end=\"1402\"><span class=\"_fadeIn_m1hgl_8\">Pourtant, <\/span><span class=\"_fadeIn_m1hgl_8\">nous <\/span><span class=\"_fadeIn_m1hgl_8\">n&rsquo;en <\/span><span class=\"_fadeIn_m1hgl_8\">exploitons <\/span><span class=\"_fadeIn_m1hgl_8\">qu&rsquo;une <\/span><span class=\"_fadeIn_m1hgl_8\">infime <\/span><span class=\"_fadeIn_m1hgl_8\">partie.<\/span><br data-start=\"1188\" data-end=\"1191\" \/><span class=\"_fadeIn_m1hgl_8\">Nous <\/span><span class=\"_fadeIn_m1hgl_8\">cherchons <\/span><span class=\"_fadeIn_m1hgl_8\">\u00e0 <\/span><span class=\"_fadeIn_m1hgl_8\">d\u00e9velopper <\/span><span class=\"_fadeIn_m1hgl_8\">notre <\/span><span class=\"_fadeIn_m1hgl_8\">savoir,<\/span><br data-start=\"1232\" data-end=\"1235\" \/><span class=\"_fadeIn_m1hgl_8\">alors <\/span><span class=\"_fadeIn_m1hgl_8\">que <\/span><span class=\"_fadeIn_m1hgl_8\">des <\/span><span class=\"_fadeIn_m1hgl_8\">recherches <\/span><span class=\"_fadeIn_m1hgl_8\">majeures \u2014 <\/span><span class=\"_fadeIn_m1hgl_8\">comme <\/span><span class=\"_fadeIn_m1hgl_8\">celles <\/span><span class=\"_fadeIn_m1hgl_8\">de <\/span><span class=\"_fadeIn_m1hgl_8\">Daniel <\/span><span class=\"_fadeIn_m1hgl_8\">Goleman \u2014 <\/span><span class=\"_fadeIn_m1hgl_8\">montrent <\/span><span class=\"_fadeIn_m1hgl_8\">que <\/span><strong data-start=\"1317\" data-end=\"1401\"><span class=\"_fadeIn_m1hgl_8\">notre <\/span><span class=\"_fadeIn_m1hgl_8\">intelligence <\/span><span class=\"_fadeIn_m1hgl_8\">\u00e9motionnelle <\/span><span class=\"_fadeIn_m1hgl_8\">est <\/span><span class=\"_fadeIn_m1hgl_8\">d\u00e9terminante <\/span><span class=\"_fadeIn_m1hgl_8\">pour <\/span><span class=\"_fadeIn_m1hgl_8\">notre <\/span><span class=\"_fadeIn_m1hgl_8\">croissance <\/span><span class=\"_fadeIn_m1hgl_8\">v\u00e9ritable<\/span><\/strong><span class=\"_fadeIn_m1hgl_8\">.<\/span><\/p>\n<hr data-start=\"1404\" data-end=\"1407\" \/>\n<h2 data-start=\"1409\" data-end=\"1438\"><span class=\"_fadeIn_m1hgl_8\">Un <\/span><span class=\"_fadeIn_m1hgl_8\">changement <\/span><span class=\"_fadeIn_m1hgl_8\">de <\/span><span class=\"_fadeIn_m1hgl_8\">paradigme<\/span><\/h2>\n<p data-start=\"1440\" data-end=\"1515\"><span class=\"_fadeIn_m1hgl_8\">Les <\/span><span class=\"_fadeIn_m1hgl_8\">mentalit\u00e9s <\/span><span class=\"_fadeIn_m1hgl_8\">\u00e9voluent <\/span><span class=\"_fadeIn_m1hgl_8\">lentement.<\/span><br data-start=\"1474\" data-end=\"1477\" \/><span class=\"_fadeIn_m1hgl_8\">Mais <\/span><span class=\"_fadeIn_m1hgl_8\">la <\/span><span class=\"_fadeIn_m1hgl_8\">vie, <\/span><span class=\"_fadeIn_m1hgl_8\">elle, <\/span><span class=\"_fadeIn_m1hgl_8\">continue <\/span><span class=\"_fadeIn_m1hgl_8\">d\u2019avancer.<\/span><\/p>\n<p data-start=\"1517\" data-end=\"1769\"><span class=\"_fadeIn_m1hgl_8\">D\u00e9passer <\/span><span class=\"_fadeIn_m1hgl_8\">les <\/span><span class=\"_fadeIn_m1hgl_8\">crises <\/span><span class=\"_fadeIn_m1hgl_8\">que <\/span><span class=\"_fadeIn_m1hgl_8\">nous <\/span><span class=\"_fadeIn_m1hgl_8\">traversons <\/span><span class=\"_fadeIn_m1hgl_8\">demande <\/span><span class=\"_fadeIn_m1hgl_8\">peut-<\/span><span class=\"_fadeIn_m1hgl_8\">\u00eatre <\/span><span class=\"_fadeIn_m1hgl_8\">d\u2019oser <\/span><span class=\"_fadeIn_m1hgl_8\">un <\/span><span class=\"_fadeIn_m1hgl_8\">autre <\/span><span class=\"_fadeIn_m1hgl_8\">chemin :<\/span><br data-start=\"1599\" data-end=\"1602\" \/><span class=\"_fadeIn_m1hgl_8\">un <\/span><span class=\"_fadeIn_m1hgl_8\">chemin <\/span><span class=\"_fadeIn_m1hgl_8\">qui <\/span><span class=\"_fadeIn_m1hgl_8\">convoque <\/span><strong data-start=\"1625\" data-end=\"1635\"><span class=\"_fadeIn_m1hgl_8\">l\u2019\u00eatre<\/span><\/strong><span class=\"_fadeIn_m1hgl_8\">,<\/span><br data-start=\"1636\" data-end=\"1639\" \/><span class=\"_fadeIn_m1hgl_8\">qui <\/span><span class=\"_fadeIn_m1hgl_8\">mobilise <\/span><strong data-start=\"1652\" data-end=\"1696\"><span class=\"_fadeIn_m1hgl_8\">des <\/span><span class=\"_fadeIn_m1hgl_8\">ressources <\/span><span class=\"_fadeIn_m1hgl_8\">cach\u00e9es <\/span><span class=\"_fadeIn_m1hgl_8\">en <\/span><span class=\"_fadeIn_m1hgl_8\">chacun <\/span><span class=\"_fadeIn_m1hgl_8\">de <\/span><span class=\"_fadeIn_m1hgl_8\">nous<\/span><\/strong><span class=\"_fadeIn_m1hgl_8\">,<\/span><br data-start=\"1697\" data-end=\"1700\" \/><span class=\"_fadeIn_m1hgl_8\">qui <\/span><span class=\"_fadeIn_m1hgl_8\">redonne <\/span><span class=\"_fadeIn_m1hgl_8\">du <\/span><strong data-start=\"1715\" data-end=\"1723\"><span class=\"_fadeIn_m1hgl_8\">sens<\/span><\/strong> <span class=\"_fadeIn_m1hgl_8\">\u00e0 <\/span><span class=\"_fadeIn_m1hgl_8\">nos <\/span><span class=\"_fadeIn_m1hgl_8\">actes, <\/span><span class=\"_fadeIn_m1hgl_8\">\u00e0 <\/span><span class=\"_fadeIn_m1hgl_8\">nos <\/span><span class=\"_fadeIn_m1hgl_8\">d\u00e9cisions, <\/span><span class=\"_fadeIn_m1hgl_8\">\u00e0 <\/span><span class=\"_fadeIn_m1hgl_8\">nos <\/span><span class=\"_fadeIn_m1hgl_8\">soci\u00e9t\u00e9s.<\/span><\/p>\n<p data-start=\"1771\" data-end=\"1855\"><span class=\"_fadeIn_m1hgl_8\">Et <\/span><span class=\"_fadeIn_m1hgl_8\">si <\/span><strong data-start=\"1777\" data-end=\"1805\"><span class=\"_fadeIn_m1hgl_8\">\u00eatre <\/span><span class=\"_fadeIn_m1hgl_8\">pleinement <\/span><span class=\"_fadeIn_m1hgl_8\">soi-<\/span><span class=\"_fadeIn_m1hgl_8\">m\u00eame<\/span><\/strong> <span class=\"_fadeIn_m1hgl_8\">devenait <\/span><span class=\"_fadeIn_m1hgl_8\">la <\/span><span class=\"_fadeIn_m1hgl_8\">clef <\/span><span class=\"_fadeIn_m1hgl_8\">de <\/span><span class=\"_fadeIn_m1hgl_8\">nos <\/span><span class=\"_fadeIn_m1hgl_8\">transformations <\/span><span class=\"_fadeIn_m1hgl_8\">futures ?<\/span><\/p>\n<hr data-start=\"1857\" data-end=\"1860\" \/>\n<h2 data-start=\"1862\" data-end=\"1890\"><span class=\"_fadeIn_m1hgl_8\">Ce <\/span><span class=\"_fadeIn_m1hgl_8\">que <\/span><span class=\"_fadeIn_m1hgl_8\">nous <\/span><span class=\"_fadeIn_m1hgl_8\">avons <\/span><span class=\"_fadeIn_m1hgl_8\">propos\u00e9<\/span><\/h2>\n<p data-start=\"1892\" data-end=\"1939\"><span class=\"_fadeIn_m1hgl_8\">Ce <\/span><span class=\"_fadeIn_m1hgl_8\">congr\u00e8s <\/span><span class=\"_fadeIn_m1hgl_8\">a <\/span><span class=\"_fadeIn_m1hgl_8\">ouvert <\/span><span class=\"_fadeIn_m1hgl_8\">un <\/span><span class=\"_fadeIn_m1hgl_8\">espace <\/span><span class=\"_fadeIn_m1hgl_8\">pour <\/span><span class=\"_fadeIn_m1hgl_8\">explorer :<\/span><\/p>\n<ul data-start=\"1940\" data-end=\"2180\">\n<li data-start=\"1940\" data-end=\"2007\">\n<p data-start=\"1942\" data-end=\"2007\"><span class=\"_fadeIn_m1hgl_8\">Comment <\/span><span class=\"_fadeIn_m1hgl_8\">devenir <\/span><span class=\"_fadeIn_m1hgl_8\">soi-<\/span><span class=\"_fadeIn_m1hgl_8\">m\u00eame <\/span><span class=\"_fadeIn_m1hgl_8\">\u00e0 <\/span><span class=\"_fadeIn_m1hgl_8\">travers <\/span><span class=\"_fadeIn_m1hgl_8\">l\u2019intelligence <\/span><span class=\"_fadeIn_m1hgl_8\">\u00e9motionnelle.<\/span><\/p>\n<\/li>\n<li data-start=\"2008\" data-end=\"2101\">\n<p data-start=\"2010\" data-end=\"2101\"><span class=\"_fadeIn_m1hgl_8\">Comment <\/span><span class=\"_fadeIn_m1hgl_8\">nous <\/span><span class=\"_fadeIn_m1hgl_8\">relier <\/span><span class=\"_fadeIn_m1hgl_8\">plus <\/span><span class=\"_fadeIn_m1hgl_8\">profond\u00e9ment <\/span><span class=\"_fadeIn_m1hgl_8\">aux <\/span><span class=\"_fadeIn_m1hgl_8\">autres <\/span><span class=\"_fadeIn_m1hgl_8\">par <\/span><span class=\"_fadeIn_m1hgl_8\">le <\/span><span class=\"_fadeIn_m1hgl_8\">langage <\/span><span class=\"_fadeIn_m1hgl_8\">sensible <\/span><span class=\"_fadeIn_m1hgl_8\">de <\/span><span class=\"_fadeIn_m1hgl_8\">nos <\/span><span class=\"_fadeIn_m1hgl_8\">\u00e9motions.<\/span><\/p>\n<\/li>\n<li data-start=\"2102\" data-end=\"2180\">\n<p data-start=\"2104\" data-end=\"2180\"><span class=\"_fadeIn_m1hgl_8\">Comment <\/span><span class=\"_fadeIn_m1hgl_8\">enseigner, <\/span><span class=\"_fadeIn_m1hgl_8\">transmettre, <\/span><span class=\"_fadeIn_m1hgl_8\">incarner <\/span><span class=\"_fadeIn_m1hgl_8\">une <\/span><span class=\"_fadeIn_m1hgl_8\">p\u00e9dagogie <\/span><span class=\"_fadeIn_m1hgl_8\">vivante <\/span><span class=\"_fadeIn_m1hgl_8\">de <\/span><span class=\"_fadeIn_m1hgl_8\">l\u2019\u00e9motion.<\/span><\/p>\n<\/li>\n<\/ul>\n<hr data-start=\"2182\" data-end=\"2185\" \/>\n<h1 data-start=\"2187\" data-end=\"2208\"><span class=\"_fadeIn_m1hgl_8\">Parce <\/span><span class=\"_fadeIn_m1hgl_8\">qu\u2019au <\/span><span class=\"_fadeIn_m1hgl_8\">fond,<\/span><\/h1>\n<p data-start=\"2209\" data-end=\"2263\"><strong data-start=\"2209\" data-end=\"2263\"><span class=\"_fadeIn_m1hgl_8\">l\u2019\u00e9motion <\/span><span class=\"_fadeIn_m1hgl_8\">est <\/span><span class=\"_fadeIn_m1hgl_8\">le <\/span><span class=\"_fadeIn_m1hgl_8\">souffle <\/span><span class=\"_fadeIn_m1hgl_8\">de <\/span><span class=\"_fadeIn_m1hgl_8\">l\u2019humain <\/span><span class=\"_fadeIn_m1hgl_8\">en <\/span><span class=\"_fadeIn_m1hgl_8\">mouvement.<\/span><\/strong><\/p>\n<\/div>\n<\/div>\n<\/div>\n<\/div>\n<div id=\"1421906050\" class=\"u_1421906050 dmRespRow wow fadeIn animated\" data-anim-desktop=\"fadeIn\"><\/div>\n","protected":false},"excerpt":{"rendered":"<p>2\u1d49 Congr\u00e8s de l\u2019Intelligence \u00c9motionnelle Samedi 15 juin 2019 \u2013 Paris Pourquoi ce congr\u00e8s ? Aujourd\u2019hui, les \u00e9motions sont au centre de nos vies, de nos relations, de nos d\u00e9fis.Elles nous traversent, parfois nous d\u00e9bordent, souvent nous appellent \u00e0 plus grand que nous. Face \u00e0 un monde qui acc\u00e9l\u00e8re,nous tentons encore souvent de tout contr\u00f4ler [&hellip;]<\/p>\n","protected":false},"author":1,"featured_media":0,"parent":0,"menu_order":0,"comment_status":"closed","ping_status":"closed","template":"","meta":[],"_links":{"self":[{"href":"https:\/\/www.odysseemotion.com\/web\/wp-json\/wp\/v2\/pages\/3828"}],"collection":[{"href":"https:\/\/www.odysseemotion.com\/web\/wp-json\/wp\/v2\/pages"}],"about":[{"href":"https:\/\/www.odysseemotion.com\/web\/wp-json\/wp\/v2\/types\/page"}],"author":[{"embeddable":true,"href":"https:\/\/www.odysseemotion.com\/web\/wp-json\/wp\/v2\/users\/1"}],"replies":[{"embeddable":true,"href":"https:\/\/www.odysseemotion.com\/web\/wp-json\/wp\/v2\/comments?post=3828"}],"version-history":[{"count":14,"href":"https:\/\/www.odysseemotion.com\/web\/wp-json\/wp\/v2\/pages\/3828\/revisions"}],"predecessor-version":[{"id":15128,"href":"https:\/\/www.odysseemotion.com\/web\/wp-json\/wp\/v2\/pages\/3828\/revisions\/15128"}],"wp:attachment":[{"href":"https:\/\/www.odysseemotion.com\/web\/wp-json\/wp\/v2\/media?parent=3828"}],"curies":[{"name":"wp","href":"https:\/\/api.w.org\/{rel}","templated":true}]}}