{"id":2601,"date":"2016-11-04T20:48:29","date_gmt":"2016-11-04T19:48:29","guid":{"rendered":"http:\/\/www.odysseemotion.com\/web\/?page_id=2601"},"modified":"2018-03-19T19:40:24","modified_gmt":"2018-03-19T18:40:24","slug":"journees-ie","status":"publish","type":"page","link":"https:\/\/www.odysseemotion.com\/web\/journees-ie\/","title":{"rendered":"Journ\u00e9e D\u00e9couverte"},"content":{"rendered":"<p>&nbsp;<\/p>\n<h1 style=\"text-align: center;\"><span style=\"font-size: 36px; color: #333333;\"><span style=\"color: #808080;\"><span style=\"font-size: 24pt;\">BOULOGNE<\/span><strong><br \/>\n<\/strong><\/span><span style=\"font-size: 18pt;\"><span style=\"color: #808080;\">Vendredi 11 mai<\/span><br \/>\n<span style=\"font-size: 12pt;\">.<\/span><\/span><\/span><\/h1>\n<h1 style=\"text-align: center;\"><span style=\"color: #ff0000;\"><strong>\u00ab\u00a0UTILISER SON INTUITION\u00a0\u00bb<\/strong><\/span><\/h1>\n<h3 style=\"text-align: center;\"><span style=\"color: #ff0000;\">Une \u00e9ducation \u00e0 l&rsquo;intelligence globale<\/span><\/h3>\n<h3 style=\"text-align: center;\">.<\/h3>\n<h2 style=\"text-align: center;\"><span style=\"color: #808080; font-size: 14pt;\"><strong><a href=\"mailto:contact@odysseemotion.com?subject=Merci%20de%20m%20inscrire%20a%20la%20prochaine%20journ\u00e9e.%20Voici%20mon%20nom,%20prenom,%20adresse%20mail%20et%20numero%20de%20portable\">RESERVEZ VOS PLACES<\/a><\/strong><\/span><\/h2>\n<p>&nbsp;<\/p>\n<blockquote>\n<p style=\"text-align: right;\"><span style=\"font-size: 12pt;\"><em>\u00ab\u00a0Le plus beau sentiment du monde, c&rsquo;est le sens du myst\u00e8re.<br \/>\nCelui qui n&rsquo;a jamais connu cette \u00e9motion, ses yeux sont ferm\u00e9s.\u00a0\u00bb<\/em><\/span><br \/>\n<span style=\"font-size: 12pt;\"> Albert Einstein<\/span><\/p>\n<\/blockquote>\n<p>&nbsp;<\/p>\n<p>&nbsp;<\/p>\n<p><span style=\"font-size: 24pt; color: #333333;\">Vous ne pouvez as aller vers l&rsquo;intuition, c&rsquo;est elle qui vient \u00e0 vous.<\/span><\/p>\n<p><span style=\"color: #333333;\">Inviter son intuition demande un minimum de connaissance. Celle de la mani\u00e8re avec laquelle nous allons traverser les diff\u00e9rentes \u00e9tapes pour accepter notre intuition.<\/span><\/p>\n<p><span style=\"color: #333333;\">Le mentale n&rsquo;est pas tr\u00e8s \u00e0 l&rsquo;aise avec l&rsquo;intuition car il ne parle pas le m\u00eame langage. Il r\u00e9sident m\u00eame dans des univers diff\u00e9rents. De m\u00eame pour l&rsquo;\u00e9motions et la la sensation. Au mieux ces trois dimensions pourront se mettre de c\u00f4t\u00e9 pour vous laisser la voir, la sentir, l&rsquo;entendre.\u00a0<\/span><\/p>\n<p><span style=\"color: #333333;\">Nous allons apprendre \u00e0 nous mettre dans les meilleures conditions physiques, \u00e9motionnelles et mentales pour, non seulement percevoir notre intuition mais la vivre pleinement.<\/span><\/p>\n<p>&nbsp;<\/p>\n<h3><span style=\"color: #333333; font-size: 24px;\"><strong><em>La journ\u00e9e est d\u00e9di\u00e9e \u00e0 exp\u00e9rimenter le processus permettant \u00e0 l&rsquo;intuition de se laisser d\u00e9couvrir.<\/em><\/strong><\/span><\/h3>\n<p>&nbsp;<\/p>\n<p><span style=\"color: #333333; font-size: 14pt;\"><strong>Cette journ\u00e9e est destin\u00e9e &#8230; ?<\/strong><\/span><\/p>\n<p>Aux personnes qui sont pr\u00eate \u00e0 mettre de c\u00f4t\u00e9 leur mental pour d\u00e9couvrir une autre source d&rsquo;information et accessible \u00e0 tous.<\/p>\n<p>&nbsp;<\/p>\n<p style=\"text-align: center;\"><span style=\"font-size: 20px;\"><strong>Le vendredi 11 mai de 9h00 \u00e0 17h00<\/strong><\/span><\/p>\n<p>&nbsp;<\/p>\n<p style=\"text-align: left;\"><strong><span style=\"font-size: 20px;\">UNE JOURNEE\u00a0POUR CHANGER DE PARADIGME ET ACCEDER A SON INTUITION<br \/>\n\u00ab\u00a0Comment cultiver sa r\u00e9ceptivit\u00e9 \u00e0 l&rsquo;intuition\u00a0\u00bb.<\/span><\/strong><\/p>\n<ul>\n<li>Acqu\u00e9rir les principales cl\u00e9 de compr\u00e9hension<\/li>\n<li>D\u00e9passer les pi\u00e8ges cognitifs qui emp\u00eache notre r\u00e9ceptivit\u00e9<\/li>\n<li>Accueillir l&rsquo;intuition pour l&rsquo;utiliser dans sa vie<\/li>\n<\/ul>\n<p>&nbsp;<\/p>\n<p><a href=\"https:\/\/www.odysseemotion.com\/web\/wp-content\/uploads\/2011\/09\/IMGP9053-e1508941625744.jpg\"><img loading=\"lazy\" class=\"wp-image-3329 alignleft\" src=\"https:\/\/www.odysseemotion.com\/web\/wp-content\/uploads\/2011\/09\/IMGP9053-e1508941625744.jpg\" alt=\"\" width=\"89\" height=\"134\" \/><\/a><\/p>\n<p><span style=\"font-size: 16px;\"><em>Fondateur de l\u2019Ecole Syst\u00e9mique de l\u2019Intelligence \u00c9motionnelle\u00a0cr\u00e9\u00e9e en 2004, Gilles Corcos<\/em><\/span>\u00a0enseigne l&rsquo;intelligence \u00e9motionelle et ses applications dans sa pratique professionnelle.<\/p>\n<p><span style=\"font-size: 16px;\"><em>Il est l\u2019auteur des ouvrages \u00ab\u00a0D\u00e9veloppez vos comp\u00e9tences \u00e9motionnelles\u00a0\u00bb chez Eyrolles et \u00ab\u00a0Comment cultiver son IE\u00a0\u00bb chez Larousse. <\/em><\/span><\/p>\n<h3 style=\"text-align: justify;\"><\/h3>\n<h3 style=\"text-align: center;\"><span style=\"font-size: 20px;\"><strong>\u00a0<\/strong><\/span><\/h3>\n<h3 style=\"text-align: center;\"><span style=\"font-size: 20px;\"><strong><a href=\"https:\/\/www.odysseemotion.com\/web\/wp-content\/uploads\/2016\/11\/Bulletin-Inscription-ESIE-2017.pdf\">Bulletin d&rsquo;inscription<\/a>\u00a0<\/strong><\/span><\/h3>\n<h3><span style=\"font-size: 20px;\">\u00a0<\/span><\/h3>\n<p style=\"text-align: center;\"><span style=\"font-size: 24px;\">Vendredi 11 mai de 9h \u00e0 12h30<\/span><\/p>\n<p><span style=\"font-size: 24px;\"><strong><span style=\"color: #ff6600;\">EN ROUTE VERS NOTRE INTUITION<\/span><\/strong><\/span><\/p>\n<p style=\"text-align: justify;\"><span style=\"font-size: 16px;\">Gilles vous fera part dans un premier temps de\u00a0ses objectifs pour cette journ\u00e9e de s\u00e9minaire. <\/span><span style=\"font-size: 16px;\">Il insistera notamment sur l\u2019importance d&rsquo;accepter notre r\u00e9ceptivit\u00e9 pour \u00eatre dans les meilleures conditions pour acc\u00e9der \u00e0 son intuition.<\/span><\/p>\n<p>La p\u00e9dagogie consistera \u00e0 lib\u00e9rer progressivement toutes les pens\u00e9es parasites, puis les \u00e9motions et les sensations corporelles.<\/p>\n<p>&nbsp;<\/p>\n<p style=\"text-align: center;\"><span style=\"font-size: 24px;\">Vendredi 11 mai de 14h \u00e0 17h<\/span><\/p>\n<p><span style=\"font-size: 24px;\"><strong><span style=\"color: #ff6600;\">DE LA PEDAGOGIE A L&rsquo;ACTION<\/span><\/strong><\/span><\/p>\n<p style=\"text-align: justify;\"><span style=\"font-size: 16px;\">Cet apr\u00e8s-midi, Gilles vous aidera \u00e0 vous connecter \u00e0 votre respiration pour vous connecter et vivre votre intuition.<\/span><\/p>\n<p style=\"text-align: justify;\"><span style=\"font-size: 16px;\">Cette journ\u00e9e vous permettra d\u2019int\u00e9grer les principaux outils p\u00e9dagogiques de l&rsquo;intelligence \u00e9motionnelle.<\/span><\/p>\n<p>&nbsp;<\/p>\n<h2 style=\"text-align: center;\"><\/h2>\n<h2 style=\"text-align: center;\"><span style=\"text-decoration: underline; font-size: 24px; color: #ff6600;\"><strong><a href=\"mailto:contact@odysseemotion.com?subject=Merci%20de%20m%20inscrire%20a%20la%20prochaine%20journ\u00e9e.%20Voici%20mon%20nom,%20prenom,%20adresse%20mail%20et%20numero%20de%20portable\">R\u00c9SERVEZ VOS PLACES<\/a><\/strong><\/span><\/h2>\n<p style=\"text-align: center;\"><span style=\"font-size: 16px;\">Ind\u00e9pendant : <strong>200\u20ac HT*<\/strong><\/span><\/p>\n<p style=\"text-align: center;\"><span style=\"font-size: 16px;\">Individuel : <strong>200\u20ac*<\/strong>\u00a0<\/span><\/p>\n<p style=\"text-align: center;\">Entreprise : 500\u20ac HT<\/p>\n<p style=\"text-align: center;\"><em>* \u00a0-10% pour une inscription \u00e0 2 personnes<\/em><\/p>\n<p>&nbsp;<\/p>\n<p>&nbsp;<\/p>\n<p style=\"text-align: center;\"><span style=\"font-size: 18pt; color: #ff6600;\"><strong>Prochain s\u00e9minaire :<\/strong><\/span><\/p>\n<p style=\"text-align: center;\"><span style=\"font-size: 14pt;\">24, 25 et 28 mai \u00a02018 &#8211; \u00ab\u00a0<a href=\"https:\/\/www.odysseemotion.com\/web\/fondamentaux-de-lie-2\/\">FONDAMENTAUX de l\u2019Intelligence Emotionnelle\u00a0<\/a> \u00bb 3 jours<\/span><\/p>\n<p style=\"text-align: center;\"><span style=\"font-size: 14pt;\">Pour en savoir plus sur les formations 2017 : <em><a href=\"https:\/\/www.odysseemotion.com\/web\/formations\/\"><strong>odysseemotion<\/strong><\/a><\/em><\/span><\/p>\n<h2 style=\"text-align: center;\"><\/h2>\n<p class=\"p3\" style=\"text-align: center; line-height: 150%;\" align=\"center\"><span style=\"font-size: 14pt;\"><strong><span style=\"color: #333399;\"><a style=\"color: #333399;\" href=\"https:\/\/www.amazon.fr\/Comment-cultiver-son-intelligence-%C3%A9motionnelle\/dp\/203591857X\/ref=sr_1_1?s=books&amp;ie=UTF8&amp;qid=1474732994&amp;sr=1-1&amp;keywords=corcos+gilles\">Acheter le livre<\/a><\/span><\/strong><\/span><\/p>\n<p>&nbsp;<\/p>\n<p>&nbsp;<\/p>\n","protected":false},"excerpt":{"rendered":"<p>&nbsp; BOULOGNE Vendredi 11 mai . \u00ab\u00a0UTILISER SON INTUITION\u00a0\u00bb Une \u00e9ducation \u00e0 l&rsquo;intelligence globale . RESERVEZ VOS PLACES &nbsp; \u00ab\u00a0Le plus beau sentiment du monde, c&rsquo;est le sens du myst\u00e8re. Celui qui n&rsquo;a jamais connu cette \u00e9motion, ses yeux sont ferm\u00e9s.\u00a0\u00bb Albert Einstein &nbsp; &nbsp; Vous ne pouvez as aller vers l&rsquo;intuition, c&rsquo;est elle qui [&hellip;]<\/p>\n","protected":false},"author":1,"featured_media":0,"parent":0,"menu_order":0,"comment_status":"closed","ping_status":"closed","template":"","meta":[],"_links":{"self":[{"href":"https:\/\/www.odysseemotion.com\/web\/wp-json\/wp\/v2\/pages\/2601"}],"collection":[{"href":"https:\/\/www.odysseemotion.com\/web\/wp-json\/wp\/v2\/pages"}],"about":[{"href":"https:\/\/www.odysseemotion.com\/web\/wp-json\/wp\/v2\/types\/page"}],"author":[{"embeddable":true,"href":"https:\/\/www.odysseemotion.com\/web\/wp-json\/wp\/v2\/users\/1"}],"replies":[{"embeddable":true,"href":"https:\/\/www.odysseemotion.com\/web\/wp-json\/wp\/v2\/comments?post=2601"}],"version-history":[{"count":21,"href":"https:\/\/www.odysseemotion.com\/web\/wp-json\/wp\/v2\/pages\/2601\/revisions"}],"predecessor-version":[{"id":3439,"href":"https:\/\/www.odysseemotion.com\/web\/wp-json\/wp\/v2\/pages\/2601\/revisions\/3439"}],"wp:attachment":[{"href":"https:\/\/www.odysseemotion.com\/web\/wp-json\/wp\/v2\/media?parent=2601"}],"curies":[{"name":"wp","href":"https:\/\/api.w.org\/{rel}","templated":true}]}}