{"id":2496,"date":"2015-04-30T17:03:11","date_gmt":"2015-04-30T16:03:11","guid":{"rendered":"http:\/\/www.odysseemotion.com\/web\/?page_id=2496"},"modified":"2022-11-01T12:58:39","modified_gmt":"2022-11-01T11:58:39","slug":"fondamentaux-de-lie-2","status":"publish","type":"page","link":"https:\/\/www.odysseemotion.com\/web\/fondamentaux-de-lie-2\/","title":{"rendered":"FONDAMENTAUX de l&rsquo;Intelligence Emotionnelle"},"content":{"rendered":"<div class=\"flex_column av_two_third  flex_column_div av-zero-column-padding first  avia-builder-el-0  el_before_av_one_third  avia-builder-el-first  \" style='border-radius:0px; '><section class=\"av_textblock_section \"  itemscope=\"itemscope\" itemtype=\"https:\/\/schema.org\/CreativeWork\" ><div class='avia_textblock  '   itemprop=\"text\" ><h1 style=\"text-align: center;\"><span style=\"font-size: 24pt; color: #808080; font-family: tahoma, arial, helvetica, sans-serif;\"><em><strong>IE Training<\/strong><\/em><\/span><\/h1>\n<h2 style=\"text-align: center;\"><span style=\"font-family: tahoma, arial, helvetica, sans-serif; color: #808080; font-size: 12pt;\"><em><strong>Dur\u00e9e : 3 jours<\/strong><\/em><\/span><\/h2>\n<h2 style=\"text-align: right;\"><strong style=\"color: #808080; font-family: tahoma, arial, helvetica, sans-serif; font-size: 12pt; text-align: left;\">\u00a0<a href=\"https:\/\/www.odysseemotion.com\/web\/wp-content\/uploads\/2022\/10\/Bulletin-Fondamentaux-IE-2022.doc\">M&rsquo;inscrire<\/a><\/strong><\/h2>\n<p><span style=\"font-family: tahoma, arial, helvetica, sans-serif; color: #333333;\">L\u2019intelligence \u00e9motionnelle est le moyen de vivre nos \u00e9motions au quotidien et sans les subir, pour en faire notre principale source d\u2019\u00e9panouissement. <\/span><\/p>\n<p><span style=\"font-family: tahoma, arial, helvetica, sans-serif; color: #333333;\">Votre intelligence \u00e9motionnelle vous permet de relier vos \u00e9motions les plus profonde \u00e0 votre conscience. Chaque \u00e9motion est porteuse d\u2019une intelligence que le mental ne peut comprendre. Par exemple, connecter \u00e0 l\u2019origine de l\u2019\u00e9motion n\u2019est pas accessible \u00e0 l\u2019intelligence cognitive. Celle-ci est faite pour relier des id\u00e9es, des concepts mais pas des \u00e9motions, des sensations\u2026 c\u2019est la fonction de l\u2019intelligence \u00e9motionnelle.<\/span><\/p>\n<p><span style=\"font-family: tahoma, arial, helvetica, sans-serif; color: #333333;\">Pourquoi vivre vos \u00e9motions\u00a0? une \u00e9motion est faite pour \u00eatre exprim\u00e9e \u2013 ex-motion\u00a0: un mouvement vers l\u2019ext\u00e9rieur &#8211; sinon elle implose dans le corps et g\u00e9n\u00e8re des malaises, des maladies, des accidents et un vieillissement pr\u00e9matur\u00e9. Si au contraire, elle est v\u00e9cue, vous allez non seulement les \u00ab\u00a0d\u00e9stocker\u00a0\u00bb du corps mais vous allez surtout vous sentir vous-m\u00eame et b\u00e9n\u00e9ficiant de toute votre vitalit\u00e9. <\/span><\/p>\n<p><span style=\"font-family: tahoma, arial, helvetica, sans-serif; color: #333333;\">Comment vivez-vous vos \u00e9motions aujourd\u2019hui\u00a0?<br \/>\nLe d\u00e9sir, le plaisir, l&rsquo;amour, la tristesse, la col\u00e8re, la peur sont consid\u00e9r\u00e9es au sein de notre \u00e9cole comme des \u00e9motions primaires. <\/span><\/p>\n<p><span style=\"font-family: tahoma, arial, helvetica, sans-serif; color: #333333;\">Vous allez passer de la th\u00e9orie \u00e0 la pratique et apprendre \u00e0 vivre chaque \u00e9motion. Ce qui signifie d\u2019abord en \u00eatre conscient, savoir ce qui vous motive dans la vie. Et savoir o\u00f9 vous d\u00e9sirez aller peut changer votre vie. Qui vous avez envie de rencontrer ? O\u00f9 vous avez envie de vivre\u00a0? et quel sens vous donnez \u00e0 votre vie\u00a0? <\/span><\/p>\n<p><span style=\"font-family: tahoma, arial, helvetica, sans-serif; color: #333333;\">Depuis f\u00e9vrier 2004, la p\u00e9dagogie est au service de participants inspir\u00e9s qui r\u00e9ussissent \u00e0 vivre la vie dont ils r\u00eavent. Qui osent sortir des pr\u00eat-\u00e0-penser, des conditionnements et pr\u00e9jug\u00e9s. De participants qui choisissent de se lib\u00e9rer de leur pass\u00e9 et s\u2019autorisent \u00e0 vivre leur plein potentiel et \u00e0 le mettre au service de ce qui a du sens. <\/span><\/p>\n<h3><span style=\"font-family: tahoma, arial, helvetica, sans-serif; color: #808080;\">OBJECTIFS PEDAGOGIQUES<\/span><\/h3>\n<ul>\n<li><span style=\"font-family: tahoma, arial, helvetica, sans-serif;\">Se \u00ab\u00a0d\u00e9sidentifier\u00a0\u00bb du mental pour acc\u00e9der \u00e0 une intelligence globale<\/span><\/li>\n<li><span style=\"font-family: tahoma, arial, helvetica, sans-serif;\">Comprendre les m\u00e9canismes \u00e9motionnels cl\u00e9s<\/span><\/li>\n<li><span style=\"font-family: tahoma, arial, helvetica, sans-serif;\">Utiliser ces m\u00e9canismes pour fluidifier sa personnalit\u00e9<\/span><\/li>\n<li><span style=\"font-family: tahoma, arial, helvetica, sans-serif;\">Transformer leurs croyances limitantes en opportunit\u00e9 de croissance<\/span><\/li>\n<li><span style=\"font-family: tahoma, arial, helvetica, sans-serif;\">Commencer \u00e0 vivre avec ses \u00e9motions au quotidien<\/span><\/li>\n<li><span style=\"font-family: tahoma, arial, helvetica, sans-serif;\">Et enfin, sentir ce que signifie \u00ab\u00a0\u00eatre soi-m\u00eame\u00a0\u00bb<\/span><\/li>\n<\/ul>\n<h3><span style=\"font-family: tahoma, arial, helvetica, sans-serif; color: #808080;\">COMPETENCES VISEES<\/span><\/h3>\n<p><span style=\"font-family: tahoma, arial, helvetica, sans-serif;\">Prendre conscience de votre richesse \u00e9motionnelle<\/span><br \/>\n<span style=\"font-family: tahoma, arial, helvetica, sans-serif;\">Augmenter votre confiance en vous et envers les autres<\/span><br \/>\n<span style=\"font-family: tahoma, arial, helvetica, sans-serif;\">Affirmer consciemment votre exp\u00e9rience int\u00e9rieure<\/span><br \/>\n<span style=\"font-family: tahoma, arial, helvetica, sans-serif;\">Sentir ce que signifie sortir de ses limites<\/span><\/p>\n<h3><span style=\"font-family: tahoma, arial, helvetica, sans-serif; color: #808080;\">PUBLICS CONCERN\u00c9S<\/span><\/h3>\n<p><span style=\"font-family: tahoma, arial, helvetica, sans-serif;\">Dirigeants, Top manager, Entrepreneur, professionnels de la relation d\u2019aide et ceux qui sont inspir\u00e9s \u00e0 vivre leur processus d\u2019individuation<\/span><\/p>\n<h3><span style=\"font-family: tahoma, arial, helvetica, sans-serif; color: #808080;\">PRE REQUIS<\/span><\/h3>\n<p><span style=\"font-family: tahoma, arial, helvetica, sans-serif;\">Avoir le d\u00e9sir de r\u00e9aliser votre odyss\u00e9e \u00e9motionnelle<\/span><\/p>\n<h3><span style=\"font-family: tahoma, arial, helvetica, sans-serif; color: #808080;\">D\u00c9ROULEMENT DE LA FORMATION<\/span><\/h3>\n<p><span style=\"font-family: tahoma, arial, helvetica, sans-serif;\">Centr\u00e9 sur l\u2019exp\u00e9rience avec des m\u00e9ditations, des entrainements, de l\u2019expression artistique, de la danse et de nombreux \u00e9changes.<\/span><\/p>\n<h3><\/h3>\n<h3><span style=\"font-family: tahoma, arial, helvetica, sans-serif;\"><span style=\"color: #808080;\">INTERVENANT :\u00a0<\/span><strong style=\"font-size: 16px; caret-color: #808080; color: #808080;\">CORCOS Gilles<\/strong><\/span><\/h3>\n<p><span style=\"font-family: tahoma, arial, helvetica, sans-serif;\"><strong>P\u00e9dagogue, coach et conf\u00e9rencier\u00a0<\/strong>autour de l\u2019intelligence \u00e9motionnelle, Gilles Corcos a d\u00e9velopp\u00e9 une p\u00e9dagogie dite disruptive pour se ma\u00eetriser en vivant ses \u00e9motions. Cette\u00a0<strong>p\u00e9dagogie \u00e9motionnelle\u00a0<\/strong>qu\u2019il a invent\u00e9e et mise au point plonge directement les individus au c\u0153ur de leurs \u00e9motions\u00a0: une exp\u00e9rience \u00e9tonnante, unique, intense et bienveillante.<\/span><\/p>\n<p><span style=\"font-family: tahoma, arial, helvetica, sans-serif;\"><strong>Pionnier\u00a0<\/strong>de l\u2019Intelligence \u00e9motionnelle en France, il est l\u2019<strong>auteur\u00a0<\/strong>de deux ouvrages\u00a0:<\/span><\/p>\n<p><span style=\"font-family: tahoma, arial, helvetica, sans-serif;\">\u00ab\u00a0D\u00e9veloppez vos comp\u00e9tences \u00e9motionnelles\u00a0\u00bb \u00c9ditions Eyrolles, 2004 \u2013 \u00e9puis\u00e9 &#8211;<\/span><\/p>\n<p><span style=\"font-family: tahoma, arial, helvetica, sans-serif;\">\u00ab\u00a0Comment cultiver son intelligence \u00e9motionnelle\u00a0\u00bb, Edition Larousse, 2017<\/span><\/p>\n<p><span style=\"font-family: tahoma, arial, helvetica, sans-serif;\"><strong>Entrepreneur\u00a0<\/strong>depuis 2003, il fonde et dirige son Cabinet ODYSSEEMOTION en 2005. \u00ab\u00a0Explorateur passionn\u00e9\u00a0\u00bb des intelligences et particuli\u00e8rement de l\u2019intelligence \u00e9motionnelle, il participe activement aux \u00e9volutions et aux apports de l\u2019intelligence \u00e9motionnelle dans le domaine des affaires, de l\u2019\u00e9ducation et de la sant\u00e9.<\/span><\/p>\n<p><span style=\"font-family: tahoma, arial, helvetica, sans-serif;\">Ing\u00e9nieur de formation, chef de projets complexes, sa formation initiale et ses premi\u00e8res exp\u00e9riences professionnelles l\u2019ont amen\u00e9 \u00e0 avoir une\u00a0<strong>approche syst\u00e9mique\u00a0<\/strong>de \u00ab\u00a0l\u2019intelligence des \u00e9motions\u00a0\u00bb prenant en compte l\u2019individu dans toute sa complexit\u00e9, reliant sa pens\u00e9e, ses \u00e9motions et son corps.<\/span><\/p>\n<h3><span style=\"font-family: tahoma, arial, helvetica, sans-serif; color: #808080;\">LIEU<\/span><\/h3>\n<ul>\n<li><span style=\"font-family: tahoma, arial, helvetica, sans-serif;\">Boulogne-Billancourt et Montpellier<br \/>\n<\/span><\/li>\n<\/ul>\n<h3><span style=\"font-family: tahoma, arial, helvetica, sans-serif; color: #808080;\">PROGRAMME<\/span><\/h3>\n<h4><span style=\"font-family: tahoma, arial, helvetica, sans-serif; color: #808080;\"><strong>1. Test\u00a0: quel est mon QE (1\u00e8re\u00a0J\/AM)<\/strong><\/span><\/h4>\n<ul>\n<li><span style=\"font-family: tahoma, arial, helvetica, sans-serif; color: #808080;\">\u00a0\u00a0Comment est-ce que je fonctionne \u00e9motionnellement\u00a0?<\/span><\/li>\n<li><span style=\"font-family: tahoma, arial, helvetica, sans-serif; color: #808080;\">\u00a0\u00a0Quelles sont les formes d\u2019intelligences que j\u2019utilise\u2026 ou pas<\/span><\/li>\n<li><span style=\"font-family: tahoma, arial, helvetica, sans-serif; color: #808080;\">\u00a0\u00a0Derri\u00e8re mes \u00e9motions quelles intentions se cachent<\/span><\/li>\n<\/ul>\n<h4><span style=\"font-family: tahoma, arial, helvetica, sans-serif; color: #808080;\">2. Mise en situation par bin\u00f4me\u00a0 Comment reconnaitre les \u00e9motions\u00a0: les miennes, celles des autres \u00a0<strong>(<\/strong><strong>1\u00e8re\u00a0<\/strong><strong>J\/PM)<\/strong><\/span><\/h4>\n<ul>\n<li><span style=\"font-family: tahoma, arial, helvetica, sans-serif; color: #808080;\">\u00a0\u00a0Comment mettre un nom sur mes \u00e9motions, sur celles de mon interlocuteur<\/span><\/li>\n<li><span style=\"font-family: tahoma, arial, helvetica, sans-serif; color: #808080;\">\u00a0\u00a0Quels outils pour les identifier<\/span><\/li>\n<li><span style=\"font-family: tahoma, arial, helvetica, sans-serif; color: #808080;\">\u00a0\u00a0Quelle utilisation compl\u00e9mentaire faisons-nous de nos diff\u00e9rentes intelligences<\/span><\/li>\n<li><span style=\"font-family: tahoma, arial, helvetica, sans-serif; color: #808080;\">Mon plan d\u2019actions intra personnel<\/span><\/li>\n<\/ul>\n<h4><span style=\"font-family: tahoma, arial, helvetica, sans-serif; color: #808080;\">3. Accueillir mes \u00e9motions et m&rsquo;en lib\u00e9rer : un travail sur moi-m\u00eame\u00a0<strong>(2\u00e8me J\/AM)<\/strong><\/span><\/h4>\n<ul>\n<li><span style=\"font-family: tahoma, arial, helvetica, sans-serif; color: #808080;\">\u00a0\u00a0 3 postures\u00a0: \u00e9couter exprimer observer<\/span><\/li>\n<li><span style=\"font-family: tahoma, arial, helvetica, sans-serif; color: #808080;\">\u00a0\u00a0 \u00c9couter ses \u00e9motions avant de les exprimer<\/span><\/li>\n<li><span style=\"font-family: tahoma, arial, helvetica, sans-serif; color: #808080;\">\u00a0\u00a0 Exprimer ses \u00e9motions pour les lib\u00e9rer<\/span><\/li>\n<li><span style=\"font-family: tahoma, arial, helvetica, sans-serif; color: #808080;\">\u00a0\u00a0 Observer ce que je pense, ce que je fais, ce que j\u2019\u00e9prouve<\/span><\/li>\n<\/ul>\n<h4><span style=\"font-family: tahoma, arial, helvetica, sans-serif; color: #808080;\">4. Utiliser les \u00e9motions pour mieux me connecter aux autres\u00a0<strong>(2\u00e8me J\/PM)<\/strong><\/span><\/h4>\n<ul>\n<li><span style=\"font-family: tahoma, arial, helvetica, sans-serif; color: #808080;\">\u00a0\u00a0 Adapter ma communication \u00e0 mon interlocuteur<\/span><\/li>\n<li><span style=\"font-family: tahoma, arial, helvetica, sans-serif; color: #808080;\">\u00a0\u00a0 Permettre le droit \u00e0 l\u2019erreur comme facteur de d\u00e9veloppement<\/span><\/li>\n<li><span style=\"font-family: tahoma, arial, helvetica, sans-serif; color: #808080;\">\u00a0\u00a0 Travailler sur la reconnaissance<\/span><\/li>\n<li><span style=\"font-family: tahoma, arial, helvetica, sans-serif; color: #808080;\">\u00a0\u00a0 impulser la confiance\u00a0 par le non-jugement<\/span><\/li>\n<li><span style=\"font-family: tahoma, arial, helvetica, sans-serif; color: #808080;\">Mon plan d\u2019actions inter personnel<\/span><\/li>\n<\/ul>\n<h4><span style=\"font-family: tahoma, arial, helvetica, sans-serif; color: #808080;\">5. Gagner en confiance en moi \u00a0et m\u2019affirmer en utilisant mes comp\u00e9tences \u00e9motionnelles\u00a0<strong>(3\u00e8me J\/AM)<\/strong><\/span><\/h4>\n<ul>\n<li><span style=\"font-family: tahoma, arial, helvetica, sans-serif; color: #808080;\">\u00a0\u00a0 De la manipulation \u00e0 l\u2019affirmation de soi<\/span><\/li>\n<li><span style=\"font-family: tahoma, arial, helvetica, sans-serif; color: #808080;\">\u00a0\u00a0 Les 4 domaines de son affirmation<\/span><\/li>\n<li><span style=\"font-family: tahoma, arial, helvetica, sans-serif; color: #808080;\">\u00a0\u00a0 La construction du r\u00e9f\u00e9rentiel de d\u00e9motivation<\/span><\/li>\n<\/ul>\n<h4><span style=\"font-family: tahoma, arial, helvetica, sans-serif; color: #808080;\">6. L\u2019intelligence \u00e9motionnelle facteur cl\u00e9 de ma r\u00e9ussite\u00a0<strong>(3\u00e8me J\/PM)<\/strong><\/span><\/h4>\n<ul>\n<li><span style=\"font-family: tahoma, arial, helvetica, sans-serif; color: #808080;\">\u00a0\u00a0 Moi, ma personnalit\u00e9 et mon caract\u00e8re<\/span><\/li>\n<li><span style=\"font-family: tahoma, arial, helvetica, sans-serif; color: #808080;\">\u00a0\u00a0 Comprendre les \u00e9tapes de la vie d\u2019une \u00e9motion<\/span><\/li>\n<li><span style=\"font-family: tahoma, arial, helvetica, sans-serif; color: #808080;\">\u00a0\u00a0 10 comp\u00e9tences \u00e9motionnelles \u00e0 d\u00e9velopper<\/span><\/li>\n<li><span style=\"font-family: tahoma, arial, helvetica, sans-serif; color: #808080;\">\u00a0\u00a0 Syst\u00e9mique\u00a0: la vision de la complexit\u00e9<\/span><\/li>\n<li><span style=\"font-family: tahoma, arial, helvetica, sans-serif; color: #808080;\">\u00a0\u00a0 Cl\u00f4ture<\/span><\/li>\n<\/ul>\n<p><span style=\"font-family: tahoma, arial, helvetica, sans-serif;\"><strong><em>Tarifs :<\/em><\/strong><strong>\u00a0<\/strong><\/span><\/p>\n<p><span style=\"font-family: tahoma, arial, helvetica, sans-serif;\">Individuel : 650\u20ac* au lieu de 750\u20ac<\/span><br \/>\n<span style=\"font-family: tahoma, arial, helvetica, sans-serif;\">Ind\u00e9pendant : 720\u20ac*\u00a0au lieu de 820\u20ac HT<\/span><\/p>\n<p><em><span style=\"font-family: tahoma, arial, helvetica, sans-serif;\">*si inscription 1 mois avant<\/span><\/em><\/p>\n<h2><span style=\"font-family: tahoma, arial, helvetica, sans-serif; color: #808080;\"><strong><em><b><\/b>T\u00e9moignages :<\/em><\/strong><\/span><\/h2>\n<p><span style=\"font-family: tahoma, arial, helvetica, sans-serif; color: #808080;\"><em>\u00ab\u00a0J&rsquo;aime les voyages&#8230; J&rsquo;aime rencontrer, accueillir, j&rsquo;aime l&rsquo;autre, ses diff\u00e9rences, ses particularit\u00e9s, ses subtilit\u00e9s&#8230;\u00a0Pour moi l&rsquo;intelligence \u00e9motionnelle est une rencontre, un voyage en profondeur vers qui je suis.\u00a0Je d\u00e9couvre le lien profond avec mon corps o\u00f9 les \u00e9motions sont des messages, comme une nouvelle langue que j&rsquo;explore.\u00a0Quand j&rsquo;identifie la joie, je la sens circuler dans tout mon corps, ce sont toutes mes cellules qui sont la joie, je sens la puissance qu&rsquo;elle diffuse et ma vie devient une exploration inspirante et vertigineuse. L&rsquo;intelligence \u00e9motionnelle c&rsquo;est d\u00e9couvrir, accueillir et accepter toutes les parties de mon \u00eatre,\u00a0c&rsquo;est la libert\u00e9 d&rsquo;\u00eatre moi-m\u00eame.\u00a0C&rsquo;est aussi\u00a0accueillir l&rsquo;autre, accueillir mes enfants, mon conjoint, mes amis, c&rsquo;est\u00a0leur laisser la libert\u00e9 d&rsquo;\u00eatre qui ils sont.\u00a0C&rsquo;est ne pas avoir peur d&rsquo;un conflit mais le vivre comme une \u00e9tape inspirante de mon chemin de vie.\u00a0En pratiquant l&rsquo;intelligence\u00e9motionnelle, la vie est un cadeau\u00a0!\u00a0\u00bb \u00a0<\/em>Caroline BAILLIF \u2013\u00a0PRATICIENNE certifi\u00e9 par l&rsquo;Ecole Syst\u00e9mique de l&rsquo;Intelligence Emotionnelle <\/span><\/p>\n<p><span style=\"font-family: tahoma, arial, helvetica, sans-serif; color: #808080;\"><em>\u00ab\u00a0\u2026En tant que Directeur G\u00e9n\u00e9ral, j&rsquo;ai pu constater qu&rsquo;au moment o\u00f9 tout les process sont\u2026 optimis\u00e9s, la ma\u00eetrise de ce facteur relationnel, tant en termes d&rsquo;image que de performance pourrait constituer un gain substantiel \u2026 sentir et savoir seront d\u00e9sormais les composantes sur lesquelles j&rsquo;appuierai mes futures actions.\u00a0\u00bb <\/em>Fr\u00e9d\u00e9ric E.<\/span><\/p>\n<h3 style=\"text-align: center;\"><strong><span style=\"font-family: tahoma, arial, helvetica, sans-serif; color: #808080;\"><a href=\"https:\/\/www.odysseemotion.com\/web\/wp-content\/uploads\/2018\/07\/Bulletin-Inscription-ESIE.pdf\">Profiter de l&rsquo;offre<\/a><\/span><\/strong><\/h3>\n<\/div><\/section><\/div><div class=\"flex_column av_one_third  flex_column_div av-zero-column-padding   avia-builder-el-2  el_after_av_two_third  avia-builder-el-last  \" style='border-radius:0px; '><p><div  class='avia-image-container  av-styling-    avia-builder-el-3  el_before_av_image  avia-builder-el-first  avia-align-center '  itemprop=\"image\" itemscope=\"itemscope\" itemtype=\"https:\/\/schema.org\/ImageObject\"  ><div class='avia-image-container-inner'><div class='avia-image-overlay-wrap'><img class='avia_image' src='https:\/\/www.odysseemotion.com\/web\/wp-content\/uploads\/2020\/02\/Capture-d\u2019\u00e9cran-2020-02-12-\u00e0-21.10.09-1030x563.png' alt='' title='Capture d\u2019\u00e9cran 2020-02-12 \u00e0 21.10.09' height=\"563\" width=\"1030\"  itemprop=\"thumbnailUrl\"  \/><\/div><\/div><\/div><br \/>\n<div  class='avia-image-container  av-styling-    avia-builder-el-4  el_after_av_image  el_before_av_image  avia-align-center '  itemprop=\"image\" itemscope=\"itemscope\" itemtype=\"https:\/\/schema.org\/ImageObject\"  ><div class='avia-image-container-inner'><div class='avia-image-overlay-wrap'><img class='avia_image' src='https:\/\/www.odysseemotion.com\/web\/wp-content\/uploads\/2020\/02\/Capture-d\u2019\u00e9cran-2020-02-12-\u00e0-21.16.25-300x165.png' alt='' title='Capture d\u2019\u00e9cran 2020-02-12 \u00e0 21.16.25' height=\"165\" width=\"300\"  itemprop=\"thumbnailUrl\"  \/><\/div><\/div><\/div><br \/>\n<div  class='avia-image-container  av-styling-    avia-builder-el-5  el_after_av_image  el_before_av_image  avia-align-center '  itemprop=\"image\" itemscope=\"itemscope\" itemtype=\"https:\/\/schema.org\/ImageObject\"  ><div class='avia-image-container-inner'><div class='avia-image-overlay-wrap'><img class='avia_image' src='https:\/\/www.odysseemotion.com\/web\/wp-content\/uploads\/2020\/02\/Capture-d\u2019\u00e9cran-2020-02-12-\u00e0-21.26.55-300x200.png' alt='' title='Capture d\u2019\u00e9cran 2020-02-12 \u00e0 21.26.55' height=\"200\" width=\"300\"  itemprop=\"thumbnailUrl\"  \/><\/div><\/div><\/div><br \/>\n<div  class='avia-image-container  av-styling-    avia-builder-el-6  el_after_av_image  el_before_av_image  avia-align-center '  itemprop=\"image\" itemscope=\"itemscope\" itemtype=\"https:\/\/schema.org\/ImageObject\"  ><div class='avia-image-container-inner'><div class='avia-image-overlay-wrap'><img class='avia_image' src='https:\/\/www.odysseemotion.com\/web\/wp-content\/uploads\/2020\/02\/Capture-d\u2019\u00e9cran-2020-02-12-\u00e0-21.28.00-300x139.png' alt='' title='Capture d\u2019\u00e9cran 2020-02-12 \u00e0 21.28.00' height=\"139\" width=\"300\"  itemprop=\"thumbnailUrl\"  \/><\/div><\/div><\/div><br \/>\n<div  class='avia-image-container  av-styling-    avia-builder-el-7  el_after_av_image  el_before_av_image  avia-align-center '  itemprop=\"image\" itemscope=\"itemscope\" itemtype=\"https:\/\/schema.org\/ImageObject\"  ><div class='avia-image-container-inner'><div class='avia-image-overlay-wrap'><img class='avia_image' src='https:\/\/www.odysseemotion.com\/web\/wp-content\/uploads\/2020\/02\/Capture-d\u2019\u00e9cran-2020-02-12-\u00e0-21.32.52-300x176.png' alt='' title='Capture d\u2019\u00e9cran 2020-02-12 \u00e0 21.32.52' height=\"176\" width=\"300\"  itemprop=\"thumbnailUrl\"  \/><\/div><\/div><\/div><br \/>\n<div  class='avia-image-container  av-styling-    avia-builder-el-8  el_after_av_image  el_before_av_image  avia-align-center '  itemprop=\"image\" itemscope=\"itemscope\" itemtype=\"https:\/\/schema.org\/ImageObject\"  ><div class='avia-image-container-inner'><div class='avia-image-overlay-wrap'><img class='avia_image' src='https:\/\/www.odysseemotion.com\/web\/wp-content\/uploads\/2020\/02\/Capture-d\u2019\u00e9cran-2020-02-12-\u00e0-21.36.44-300x182.png' alt='' title='Capture d\u2019\u00e9cran 2020-02-12 \u00e0 21.36.44' height=\"182\" width=\"300\"  itemprop=\"thumbnailUrl\"  \/><\/div><\/div><\/div><br \/>\n<div  class='avia-image-container  av-styling-    avia-builder-el-9  el_after_av_image  el_before_av_image  avia-align-center '  itemprop=\"image\" itemscope=\"itemscope\" itemtype=\"https:\/\/schema.org\/ImageObject\"  ><div class='avia-image-container-inner'><div class='avia-image-overlay-wrap'><img class='avia_image' src='https:\/\/www.odysseemotion.com\/web\/wp-content\/uploads\/2020\/02\/Capture-d\u2019\u00e9cran-2020-02-12-\u00e0-21.34.03-300x205.png' alt='' title='Capture d\u2019\u00e9cran 2020-02-12 \u00e0 21.34.03' height=\"205\" width=\"300\"  itemprop=\"thumbnailUrl\"  \/><\/div><\/div><\/div><br \/>\n<div  class='avia-image-container  av-styling-    avia-builder-el-10  el_after_av_image  avia-builder-el-last  avia-align-center '  itemprop=\"image\" itemscope=\"itemscope\" itemtype=\"https:\/\/schema.org\/ImageObject\"  ><div class='avia-image-container-inner'><div class='avia-image-overlay-wrap'><img class='avia_image' src='https:\/\/www.odysseemotion.com\/web\/wp-content\/uploads\/2020\/02\/Capture-d\u2019\u00e9cran-2020-02-12-\u00e0-21.44.01-300x173.png' alt='' title='Capture d\u2019\u00e9cran 2020-02-12 \u00e0 21.44.01' height=\"173\" width=\"300\"  itemprop=\"thumbnailUrl\"  \/><\/div><\/div><\/div><\/p><\/div><\/p>\n","protected":false},"excerpt":{"rendered":"","protected":false},"author":1,"featured_media":0,"parent":0,"menu_order":0,"comment_status":"open","ping_status":"closed","template":"","meta":[],"_links":{"self":[{"href":"https:\/\/www.odysseemotion.com\/web\/wp-json\/wp\/v2\/pages\/2496"}],"collection":[{"href":"https:\/\/www.odysseemotion.com\/web\/wp-json\/wp\/v2\/pages"}],"about":[{"href":"https:\/\/www.odysseemotion.com\/web\/wp-json\/wp\/v2\/types\/page"}],"author":[{"embeddable":true,"href":"https:\/\/www.odysseemotion.com\/web\/wp-json\/wp\/v2\/users\/1"}],"replies":[{"embeddable":true,"href":"https:\/\/www.odysseemotion.com\/web\/wp-json\/wp\/v2\/comments?post=2496"}],"version-history":[{"count":66,"href":"https:\/\/www.odysseemotion.com\/web\/wp-json\/wp\/v2\/pages\/2496\/revisions"}],"predecessor-version":[{"id":3356,"href":"https:\/\/www.odysseemotion.com\/web\/wp-json\/wp\/v2\/pages\/2496\/revisions\/3356"}],"wp:attachment":[{"href":"https:\/\/www.odysseemotion.com\/web\/wp-json\/wp\/v2\/media?parent=2496"}],"curies":[{"name":"wp","href":"https:\/\/api.w.org\/{rel}","templated":true}]}}